901878?
False
Is 312922128 a multiple of 51?
True
Is 4050839931 a multiple of 51?
False
Is 17 a factor of 25308954?
True
Is 162 a factor of 129254940?
True
Is 123458428 a multiple of 65?
False
Does 629 divide 17057848?
False
Is 43 a factor of 15479759?
False
Is 153835485 a multiple of 108?
False
Is 513251127 a multiple of 27?
True
Does 467 divide 31803167?
True
Does 8 divide 373834299?
False
Does 113 divide 210010970?
False
Does 18 divide 120915918?
True
Is 75013090 a multiple of 8?
False
Is 8872394 a multiple of 298?
False
Is 17 a factor of 16138419?
False
Does 10 divide 18568185?
False
Is 174312566 a multiple of 47?
True
Is 2350 a factor of 23389550?
True
Is 406 a factor of 109321956?
False
Does 755 divide 46397756?
False
Is 9 a factor of 81529344?
True
Is 45894608 a multiple of 53?
True
Is 90 a factor of 1162278540?
True
Is 1321635797 a multiple of 362?
False
Is 54506947 a multiple of 2?
False
Does 1041 divide 34161456?
True
Is 3002298399 a multiple of 3877?
True
Is 1159 a factor of 54560285?
False
Is 58748602 a multiple of 2398?
True
Is 4 a factor of 54506296?
True
Is 227 a factor of 16337960?
False
Does 68 divide 698737128?
True
Does 1091 divide 79006973?
False
Is 3 a factor of 406056826?
False
Is 33007560 a multiple of 10?
True
Is 4 a factor of 16960562?
False
Is 3696461 a multiple of 3165?
False
Does 171 divide 924023808?
True
Does 17 divide 75344816?
True
Does 8 divide 65116960?
True
Does 28 divide 548531704?
True
Is 140320000 a multiple of 4?
True
Does 1449 divide 419363638?
False
Is 488 a factor of 5715944?
True
Is 50741039 a multiple of 7?
False
Is 9 a factor of 25701588?
True
Is 441 a factor of 236417895?
True
Is 215 a factor of 133104995?
True
Does 13 divide 126992554?
True
Does 774 divide 842178898?
False
Does 24 divide 1324738512?
True
Is 44972078 a multiple of 226?
False
Does 1442 divide 2183019286?
True
Is 87 a factor of 10720586?
False
Is 538246418 a multiple of 50?
False
Is 21727280 a multiple of 310?
True
Does 6 divide 14013?
False
Is 592270192 a multiple of 16?
True
Is 19 a factor of 254563482?
True
Does 908 divide 102638907?
False
Does 20 divide 230003060?
True
Does 306 divide 3000024?
True
Is 296755875 a multiple of 455?
False
Is 26 a factor of 1086876978?
False
Does 13 divide 174222997?
True
Is 15 a factor of 137967930?
True
Is 48 a factor of 113821080?
False
Is 4 a factor of 4175832?
True
Is 15 a factor of 111819810?
True
Is 171 a factor of 3176188076?
False
Is 592 a factor of 588821552?
True
Does 100 divide 120169181?
False
Is 633887529 a multiple of 7356?
False
Is 31 a factor of 93453098?
False
Is 133843054 a multiple of 62?
False
Is 202439278 a multiple of 262?
True
Is 570 a factor of 2938278291?
False
Does 79 divide 3547811?
True
Is 549772451 a multiple of 135?
False
Is 1593488846 a multiple of 1039?
False
Is 341248692 a multiple of 5844?
True
Is 195521257 a multiple of 120?
False
Does 32 divide 284714976?
True
Is 10941749 a multiple of 89?
True
Is 185302812 a multiple of 92?
True
Does 192 divide 466361280?
True
Does 90 divide 614775690?
True
Is 17634298 a multiple of 9?
False
Is 1320803608 a multiple of 10?
False
Is 1021999068 a multiple of 3222?
True
Is 1393601520 a multiple of 120?
True
Is 3 a factor of 1363384?
False
Is 90 a factor of 115326798?
False
Is 45878185 a multiple of 709?
False
Is 3758737309 a multiple of 51?
False
Is 77 a factor of 800486764?
True
Is 179 a factor of 3744322?
True
Does 160 divide 1431947040?
True
Is 493 a factor of 18256776?
True
Is 5 a factor of 57699010?
True
Is 328343329 a multiple of 87?
False
Is 50079820 a multiple of 133?
True
Is 245272454 a multiple of 545?
False
Is 2221 a factor of 92291434?
True
Is 550 a factor of 50718250?
True
Is 9 a factor of 110229?
False
Is 39139525 a multiple of 629?
True
Is 25 a factor of 885983950?
True
Is 9 a factor of 81176976?
True
Is 8352887 a multiple of 8?
False
Does 13 divide 122354199?
False
Does 2 divide 747677271?
False
Is 12 a factor of 237636300?
True
Is 424500 a multiple of 125?
True
Is 18 a factor of 803872818?
True
Does 2405 divide 40882595?
True
Is 56692930 a multiple of 46?
True
Does 44 divide 996424?
True
Is 213972764 a multiple of 240?
False
Is 980579530 a multiple of 389?
True
Does 96 divide 943330944?
True
Is 366 a factor of 37044671?
False
Is 2832 a factor of 328636608?
True
Is 134 a factor of 3031027874?
True
Does 282 divide 1033409951?
False
Does 40 divide 438731102?
False
Is 9767810 a multiple of 131?
False
Is 18517400 a multiple of 55?
True
Is 19347289 a multiple of 334?
False
Does 50 divide 147551100?
True
Is 5684505 a multiple of 969?
False
Does 837 divide 35949987?
True
Is 49254723 a multiple of 135?
False
Is 2331897120 a multiple of 840?
True
Is 218 a factor of 16042440?
False
Does 476 divide 1504081460?
True
Does 75 divide 125613525?
True
Is 162 a factor of 539723628?
False
Is 164476656 a multiple of 16?
True
Is 59654630 a multiple of 70?
True
Does 3622 divide 366325458?
True
Is 18 a factor of 18850248?
True
Is 34 a factor of 924977396?
False
Is 9 a factor of 132637425?
False
Does 41 divide 7406760031?
False
Is 1750 a factor of 4878170500?
True
Is 921 a factor of 102498434?
False
Is 28011517 a multiple of 438?
False
Is 46147604 a multiple of 7?
False
Does 456 divide 28513680?
True
Does 18 divide 24832296?
True
Does 965 divide 105309035?
False
Does 12 divide 2697858180?
True
Is 14 a factor of 101711456?
True
Is 5351392 a multiple of 712?
True
Is 22 a factor of 924516274?
True
Does 13 divide 1539347199?
True
Does 323 divide 3501090670?
True
Is 5 a factor of 12619766?
False
Is 17 a factor of 107781139?
True
Is 5396120620 a multiple of 845?
False
Is 53704771 a multiple of 160?
False
Does 2014 divide 453502450?
True
Is 34105317 a multiple of 31?
False
Is 38386797 a multiple of 12?
False
Does 1626 divide 1091682395?
False
Is 3 a factor of 41499264?
True
Is 2473 a factor of 171712755?
True
Does 1334 divide 86071014?
True
Is 9189 a factor of 41975352?
True
Is 647128794 a multiple of 5694?
True
Does 32 divide 101974272?
True
Does 20 divide 296480?
True
Is 2011909410 a multiple of 18?
True
Is 104977960 a multiple of 32?
False
Is 1707 a factor of 201910583?
False
Is 23 a factor of 4294636866?
True
Is 8057 a factor of 6614378036?
True
Is 1397 a factor of 662511160?
False
Does 80 divide 230323680?
True
Does 2 divide 2206456?
True
Is 38580088 a multiple of 30?
False
Is 1207909800 a multiple of 1026?
True
Is 3377 a factor of 87108939?
False
Is 150760456 a multiple of 88?
True
Is 73 a factor of 26879724?
False
Is 309786540 a multiple of 138?
True
Is 8538192 a multiple of 776?
False
Is 2660 a factor of 314026300?
True
Is 46 a factor of 191374232?
False
Does 3 divide 7066999?
False
Is 14 a factor of 7763922?
False
Is 43 a factor of 4480084?
True
Is 96 a factor of 1600812150?
False
Is 44 a factor of 35592788?
True
Does 150 divide 30189000?
True
Is 2104 a factor of 452410496?
True
Is 830610207 a multiple of 139?
True
Is 42 a factor of 190874154?
False
Is 125 a factor of 2041594?
False
Does 438 divide 1418618928?
True
Does 88 divide 2407582459?
False
Does 226 divide 267923264?
False
Is 238 a factor of 66221686?
False
Does 202 divide 119774163?
False
Is 291 a factor of 774986835?
True
Is 21315208 a multiple of 97?
False
Is 65940550 a multiple of 13?
True
Is 69089509 a multiple of 5?
False
Is 144 a factor of 9540576?
True
Is 4223016 a multiple of 8?
True
Is 509 a factor of 52746484?
False
Does 12 divide 17798460?
True
Is 18 a factor of 39458016?
True
Is 194032125 a multiple of 225?
True
Is 9 a factor of 16959920?
False
Does 8470 divide 885428938?
False
Does 124 divide 3915920?
True
Is 58 a factor of 48735254?
True
Is 25752370 a multiple of 1141?
True
Does 265 divide 1733365?
True
Is 77 a factor of 413102153?
False
Is 594291328 a multiple of 283?
False
Does 797 divide 308362488?
True
Does 106 divide 12840577?
False
Does 9 divide 142044451?
False
Is 2669 a factor of 618434804?
False
Does 6024 divide 64831364?
False
Is 174489902 a multiple of 10?
False
Does 153 divide 12226077?
True
Is 2651567325 a multiple of 5225?
True
Does 51 divide 59883792?
True
Does 64 divide 558612800?
True
Is 274 a factor of 27331849?
False
Is 8 a factor of 1243291?
False
Is 18 a factor of 23320437?
False
Is 1456448760 a multiple of 2405?
True
Is 468733380 a multiple